{"id":182,"date":"2012-01-31T19:35:51","date_gmt":"2012-01-31T18:35:51","guid":{"rendered":"http:\/\/www.teambudgetracing.dk\/?page_id=182"},"modified":"2012-04-03T19:33:33","modified_gmt":"2012-04-03T17:33:33","slug":"syverrace-faq","status":"publish","type":"page","link":"https:\/\/raceevents.dk\/?page_id=182","title":{"rendered":"SyverRace FAQ"},"content":{"rendered":"<p>L\u00e6s om SyverRace m.m.<br \/>\nEr der andet du gerne vil vide, men ikke kan finde svar p\u00e5 ?<br \/>\nS\u00e5 t\u00f8v ikke med at gribe telefonen og ring<\/p>\n<p><img title=\"Outraged\" src=\"http:\/\/www.teambudgetracing.dk\/wp-content\/plugins\/moods-addon-for-ultimate-tinymce\/moods\/img\/\/angry\/outraged.gif\" alt=\"Outraged\" border=\"0\" \/><\/p>\n<h1><strong>+45 26702342<\/strong><em><\/em><\/h1>\n<p>Venlig Hilsen<br \/>\nTBR &amp; RaceEvents<\/p>\n","protected":false},"excerpt":{"rendered":"<p>L\u00e6s om SyverRace m.m. Er der andet du gerne vil vide, men ikke kan finde svar p\u00e5 ? S\u00e5 t\u00f8v ikke med at gribe telefonen og ring +45 26702342 Venlig Hilsen TBR &amp; RaceEvents<\/p>\n","protected":false},"author":3,"featured_media":0,"parent":0,"menu_order":0,"comment_status":"closed","ping_status":"closed","template":"","meta":[],"_links":{"self":[{"href":"https:\/\/raceevents.dk\/index.php?rest_route=\/wp\/v2\/pages\/182"}],"collection":[{"href":"https:\/\/raceevents.dk\/index.php?rest_route=\/wp\/v2\/pages"}],"about":[{"href":"https:\/\/raceevents.dk\/index.php?rest_route=\/wp\/v2\/types\/page"}],"author":[{"embeddable":true,"href":"https:\/\/raceevents.dk\/index.php?rest_route=\/wp\/v2\/users\/3"}],"replies":[{"embeddable":true,"href":"https:\/\/raceevents.dk\/index.php?rest_route=%2Fwp%2Fv2%2Fcomments&post=182"}],"version-history":[{"count":6,"href":"https:\/\/raceevents.dk\/index.php?rest_route=\/wp\/v2\/pages\/182\/revisions"}],"predecessor-version":[{"id":493,"href":"https:\/\/raceevents.dk\/index.php?rest_route=\/wp\/v2\/pages\/182\/revisions\/493"}],"wp:attachment":[{"href":"https:\/\/raceevents.dk\/index.php?rest_route=%2Fwp%2Fv2%2Fmedia&parent=182"}],"curies":[{"name":"wp","href":"https:\/\/api.w.org\/{rel}","templated":true}]}}