{"id":193,"date":"2012-01-31T20:00:18","date_gmt":"2012-01-31T19:00:18","guid":{"rendered":"http:\/\/www.teambudgetracing.dk\/?page_id=193"},"modified":"2012-04-19T19:48:30","modified_gmt":"2012-04-19T17:48:30","slug":"racerkore-pa-jyllandsringen-og-padborg-park","status":"publish","type":"page","link":"https:\/\/raceevents.dk\/?page_id=193","title":{"rendered":"K\u00f8r r\u00e6s p\u00e5 Jyllandsringen og Padborg Park"},"content":{"rendered":"<p>Yeps, den er god nok.<br \/>\nI kan pr\u00f8ve kr\u00e6fter med en Syverracer med 240 hk p\u00e5 Jyllandsringen, Ring Djursland og Padborg Park.<\/p>\n<p><a href=\"http:\/\/www.teambudgetracing.dk\/wp-content\/uploads\/2012\/01\/1-four-small.png\"><img loading=\"lazy\" class=\"aligncenter size-full wp-image-227\" title=\"1-four-small\" src=\"http:\/\/www.teambudgetracing.dk\/wp-content\/uploads\/2012\/01\/1-four-small.png\" alt=\"\" width=\"399\" height=\"300\" srcset=\"https:\/\/raceevents.dk\/wp-content\/uploads\/2012\/01\/1-four-small.png 399w, https:\/\/raceevents.dk\/wp-content\/uploads\/2012\/01\/1-four-small-300x225.png 300w\" sizes=\"(max-width: 399px) 100vw, 399px\" \/><\/a><\/p>\n<p>Og bare rolig, I kan &#8220;n\u00e6sten&#8221; ikke \u00f8del\u00e6gge noget, det hele foreg\u00e5r nemlig i simulatorer, i kraft af vores 4 raceframes, som vi bruger til tr\u00e6ningen inden l\u00f8b.<\/p>\n<p>Der vil v\u00e6re mulighed for at afholde mesterskab, s\u00e5ledes at dagens bedste k\u00f8rer kan findes.<\/p>\n<p>Programmet er p.t. ikke fastlagt endnu, men vi modtager gerne foresp\u00f8rgsler fra eventuelle interesserede.<\/p>\n<p>Mere info f\u00f8lger snarest.<\/p>\n","protected":false},"excerpt":{"rendered":"<p>Yeps, den er god nok. I kan pr\u00f8ve kr\u00e6fter med en Syverracer med 240 hk p\u00e5 Jyllandsringen, Ring Djursland og Padborg Park. Og bare rolig, I kan &#8220;n\u00e6sten&#8221; ikke \u00f8del\u00e6gge noget, det hele foreg\u00e5r nemlig i simulatorer, i kraft af &hellip; <a href=\"https:\/\/raceevents.dk\/?page_id=193\">Continue reading <span class=\"meta-nav\">&rarr;<\/span><\/a><\/p>\n","protected":false},"author":3,"featured_media":0,"parent":186,"menu_order":0,"comment_status":"closed","ping_status":"closed","template":"","meta":[],"_links":{"self":[{"href":"https:\/\/raceevents.dk\/index.php?rest_route=\/wp\/v2\/pages\/193"}],"collection":[{"href":"https:\/\/raceevents.dk\/index.php?rest_route=\/wp\/v2\/pages"}],"about":[{"href":"https:\/\/raceevents.dk\/index.php?rest_route=\/wp\/v2\/types\/page"}],"author":[{"embeddable":true,"href":"https:\/\/raceevents.dk\/index.php?rest_route=\/wp\/v2\/users\/3"}],"replies":[{"embeddable":true,"href":"https:\/\/raceevents.dk\/index.php?rest_route=%2Fwp%2Fv2%2Fcomments&post=193"}],"version-history":[{"count":7,"href":"https:\/\/raceevents.dk\/index.php?rest_route=\/wp\/v2\/pages\/193\/revisions"}],"predecessor-version":[{"id":775,"href":"https:\/\/raceevents.dk\/index.php?rest_route=\/wp\/v2\/pages\/193\/revisions\/775"}],"up":[{"embeddable":true,"href":"https:\/\/raceevents.dk\/index.php?rest_route=\/wp\/v2\/pages\/186"}],"wp:attachment":[{"href":"https:\/\/raceevents.dk\/index.php?rest_route=%2Fwp%2Fv2%2Fmedia&parent=193"}],"curies":[{"name":"wp","href":"https:\/\/api.w.org\/{rel}","templated":true}]}}