{"id":199,"date":"2012-01-31T20:19:43","date_gmt":"2012-01-31T19:19:43","guid":{"rendered":"http:\/\/www.teambudgetracing.dk\/?page_id=199"},"modified":"2012-04-16T19:02:42","modified_gmt":"2012-04-16T17:02:42","slug":"banerne-i-dk","status":"publish","type":"page","link":"https:\/\/raceevents.dk\/?page_id=199","title":{"rendered":"Banerne i DK"},"content":{"rendered":"<p>SyverRace k\u00f8rer i 2012 2 l\u00f8b p\u00e5 hver af de danske baner<\/p>\n<p>Ring Djursland:<br \/>\n<a href=\"http:\/\/www.teambudgetracing.dk\/wp-content\/uploads\/2012\/01\/bane_RD.jpg\"><img loading=\"lazy\" class=\"aligncenter size-full wp-image-201\" title=\"bane_RD\" src=\"http:\/\/www.teambudgetracing.dk\/wp-content\/uploads\/2012\/01\/bane_RD.jpg\" alt=\"\" width=\"600\" height=\"223\" srcset=\"https:\/\/raceevents.dk\/wp-content\/uploads\/2012\/01\/bane_RD.jpg 600w, https:\/\/raceevents.dk\/wp-content\/uploads\/2012\/01\/bane_RD-300x111.jpg 300w\" sizes=\"(max-width: 600px) 100vw, 600px\" \/><\/a><\/p>\n<p align=\"left\">Banen er i dag en af de f\u00e5 kuperede baner der er tilbage i Europa, og den eneste i Danmark.<br \/>\nDen kan godt give k\u00f8rerne lidt &#8220;kriller i maven&#8221; n\u00e5r det g\u00e5r ud over bakkerne p\u00e5 Djursland.<\/p>\n<p align=\"left\">Det er ogs\u00e5 det, du som tilskuer ikke ser andre steder, det giver lidt ekstra sp\u00e6nding, og det er ikke givet at de k\u00f8rere, der vinder andre steder, har is nok i maven til at vinde p\u00e5 Ring Djursland.<\/p>\n<p align=\"left\">S\u00e5 bes\u00f8g den unikke motorbane, der giver alle en p\u00e5 opleveren.<\/p>\n<p>Banen ejes af Transport Uddannelses Center Djursland der til daglig bruger den til k\u00f8retekniske kurser.\u00a0\u00a0<a title=\"G\u00e5 til www.amu-djursland.dk\" href=\"http:\/\/www.amu-djursland.dk\/\" target=\"_blank\">Se\u00a0mere\u00a0her<\/a><\/p>\n<p><strong>FAKTA!<\/strong>\u00a0Ring Djursland er en 1750 meter lang permanent asfaltbane med 3 h\u00f8jresving og 1 venstresving.<br \/>\nMinimum banebredde er 9 meter. Start er p\u00e5 publikumslangsiden og m\u00e5l er ud for dommert\u00e5rn. K\u00f8rselsretningen er med uret.<\/p>\n<p><strong>Ring Djursland fik i 2011 bes\u00f8g af disse klasser:\u00a0<\/strong>Danish Endurance Championship (DEC), Legend Cup, 1600 Challenge, Spider Cup, Syver Race Cup, Yokohama Cup, Suzuki Swift Challenge, Formel Ford, Citro\u00ean DS3\u00a0<strong>(NY!<\/strong>), MC, Special Saloon Car, Super Car Challenge, Historisk 65, Historisk 71, Historisk 76, Young Timer DASU Cup, Renault Clio Cup, Historisk Formel og Historisk MC.<\/p>\n<p>&nbsp;<\/p>\n<p>JyllandsRingen:<\/p>\n<p style=\"text-align: center;\"><a href=\"http:\/\/www.teambudgetracing.dk\/wp-content\/uploads\/2012\/01\/bane_JR.jpg\"><img loading=\"lazy\" class=\"wp-image-200 aligncenter\" title=\"JyllandsRingen\" src=\"http:\/\/www.teambudgetracing.dk\/wp-content\/uploads\/2012\/01\/bane_JR.jpg\" alt=\"\" width=\"690\" height=\"458\" srcset=\"https:\/\/raceevents.dk\/wp-content\/uploads\/2012\/01\/bane_JR.jpg 690w, https:\/\/raceevents.dk\/wp-content\/uploads\/2012\/01\/bane_JR-300x199.jpg 300w\" sizes=\"(max-width: 690px) 100vw, 690px\" \/><\/a><\/p>\n<p>Jyllandsringen i Resenbro ved Silkeborg ejes af Forenede Danske Motorejere (FDM). Med sine 2,3 kilometer er det Danmarks st\u00f8rste racerbane godkendt af Federation Internationale de l&#8217;Automobile (FIA). Den bliver brugt til racerl\u00f8b. Blandt andet er der fire gange om \u00e5ret Danish Touringcar Championship (DTC). Jan Magnussen, Jason Watt og Thorkild Thyrring er nogle af de prominente danske deltagere i DTC-l\u00f8bet. Det f\u00f8rste automobilv\u00e6ddel\u00f8b foregik p\u00e5 Ordrupbanen i 1905 over 27 omgange. Sporten var i \u00e5rtierne herefter en udpr\u00e6get overklasseforn\u00f8jelse. I dag omfatter Dansk Automobil Sports Union cirka 1000 klubber.<\/p>\n<div>\n<p>Offentligt tilg\u00e6ngelig\u00a0<strong>Bygge\u00e5r<\/strong>: 1966<\/p>\n<p>Padborg Park:<\/p>\n<p><a href=\"http:\/\/www.teambudgetracing.dk\/wp-content\/uploads\/2012\/01\/bane_PP.jpg\"><img loading=\"lazy\" class=\"aligncenter size-full wp-image-202\" title=\"Padborg Park\" src=\"http:\/\/www.teambudgetracing.dk\/wp-content\/uploads\/2012\/01\/bane_PP.jpg\" alt=\"\" width=\"750\" height=\"342\" srcset=\"https:\/\/raceevents.dk\/wp-content\/uploads\/2012\/01\/bane_PP.jpg 750w, https:\/\/raceevents.dk\/wp-content\/uploads\/2012\/01\/bane_PP-300x136.jpg 300w\" sizes=\"(max-width: 750px) 100vw, 750px\" \/><\/a><\/p>\n<p>Padborg Park er Danmarks l\u00e6ngste motorbane. Anl\u00e6gget bruges dagligt til k\u00f8retekniske kurser, biltest, motorcykeltest, events- og sportslicenskurser, samt motorsport tre dage ugentligt. \u00a0 Motorsportsbanen er 2.150 meter lang og 12 meter bred. Der er fire h\u00f8jresving, fem venstresving og en chikane.<\/p>\n<\/div>\n","protected":false},"excerpt":{"rendered":"<p>SyverRace k\u00f8rer i 2012 2 l\u00f8b p\u00e5 hver af de danske baner Ring Djursland: Banen er i dag en af de f\u00e5 kuperede baner der er tilbage i Europa, og den eneste i Danmark. Den kan godt give k\u00f8rerne lidt &hellip; <a href=\"https:\/\/raceevents.dk\/?page_id=199\">Continue reading <span class=\"meta-nav\">&rarr;<\/span><\/a><\/p>\n","protected":false},"author":3,"featured_media":200,"parent":0,"menu_order":0,"comment_status":"closed","ping_status":"closed","template":"","meta":[],"_links":{"self":[{"href":"https:\/\/raceevents.dk\/index.php?rest_route=\/wp\/v2\/pages\/199"}],"collection":[{"href":"https:\/\/raceevents.dk\/index.php?rest_route=\/wp\/v2\/pages"}],"about":[{"href":"https:\/\/raceevents.dk\/index.php?rest_route=\/wp\/v2\/types\/page"}],"author":[{"embeddable":true,"href":"https:\/\/raceevents.dk\/index.php?rest_route=\/wp\/v2\/users\/3"}],"replies":[{"embeddable":true,"href":"https:\/\/raceevents.dk\/index.php?rest_route=%2Fwp%2Fv2%2Fcomments&post=199"}],"version-history":[{"count":3,"href":"https:\/\/raceevents.dk\/index.php?rest_route=\/wp\/v2\/pages\/199\/revisions"}],"predecessor-version":[{"id":683,"href":"https:\/\/raceevents.dk\/index.php?rest_route=\/wp\/v2\/pages\/199\/revisions\/683"}],"wp:featuredmedia":[{"embeddable":true,"href":"https:\/\/raceevents.dk\/index.php?rest_route=\/wp\/v2\/media\/200"}],"wp:attachment":[{"href":"https:\/\/raceevents.dk\/index.php?rest_route=%2Fwp%2Fv2%2Fmedia&parent=199"}],"curies":[{"name":"wp","href":"https:\/\/api.w.org\/{rel}","templated":true}]}}