{"id":206,"date":"2012-01-31T21:26:22","date_gmt":"2012-01-31T20:26:22","guid":{"rendered":"http:\/\/www.teambudgetracing.dk\/?page_id=206"},"modified":"2020-03-06T13:14:56","modified_gmt":"2020-03-06T12:14:56","slug":"mad-mor","status":"publish","type":"page","link":"https:\/\/raceevents.dk\/?page_id=206","title":{"rendered":"Koordinator: Helle"},"content":{"rendered":"<p><a href=\"http:\/\/www.teambudgetracing.dk\/wp-content\/uploads\/2012\/01\/Helle.jpg\"><img loading=\"lazy\" class=\"alignright  wp-image-334\" title=\"Helle\" src=\"http:\/\/www.teambudgetracing.dk\/wp-content\/uploads\/2012\/01\/Helle.jpg\" alt=\"\" width=\"173\" height=\"217\" srcset=\"https:\/\/raceevents.dk\/wp-content\/uploads\/2012\/01\/Helle.jpg 480w, https:\/\/raceevents.dk\/wp-content\/uploads\/2012\/01\/Helle-238x300.jpg 238w\" sizes=\"(max-width: 173px) 100vw, 173px\" \/><\/a>Helle Bay Holch<br \/>\nF\u00f8dt: 1982<\/p>\n<p>Det vigtigste medlem i teamet.<br \/>\nDet er nemlig Helle der har det overordnede overblik, og s\u00f8rger for, at vi i ugerne op til afgang har styr p\u00e5 alle de l\u00f8se ender.<\/p>\n<p>Det er ogs\u00e5 Helle der s\u00f8rger for bev\u00e6rtning af teamet og VIP under l\u00f8b. m.m.<\/p>\n<p>Helle er gift med Mikkel, og sammen har de 2 piger p\u00e5 9 &amp; 12 \u00e5r.<\/p>\n<p>Uden Helle, ingen team \ud83d\ude42<\/p>\n","protected":false},"excerpt":{"rendered":"<p>Helle Bay Holch F\u00f8dt: 1982 Det vigtigste medlem i teamet. Det er nemlig Helle der har det overordnede overblik, og s\u00f8rger for, at vi i ugerne op til afgang har styr p\u00e5 alle de l\u00f8se ender. Det er ogs\u00e5 Helle &hellip; <a href=\"https:\/\/raceevents.dk\/?page_id=206\">Continue reading <span class=\"meta-nav\">&rarr;<\/span><\/a><\/p>\n","protected":false},"author":3,"featured_media":0,"parent":77,"menu_order":0,"comment_status":"closed","ping_status":"closed","template":"","meta":[],"_links":{"self":[{"href":"https:\/\/raceevents.dk\/index.php?rest_route=\/wp\/v2\/pages\/206"}],"collection":[{"href":"https:\/\/raceevents.dk\/index.php?rest_route=\/wp\/v2\/pages"}],"about":[{"href":"https:\/\/raceevents.dk\/index.php?rest_route=\/wp\/v2\/types\/page"}],"author":[{"embeddable":true,"href":"https:\/\/raceevents.dk\/index.php?rest_route=\/wp\/v2\/users\/3"}],"replies":[{"embeddable":true,"href":"https:\/\/raceevents.dk\/index.php?rest_route=%2Fwp%2Fv2%2Fcomments&post=206"}],"version-history":[{"count":8,"href":"https:\/\/raceevents.dk\/index.php?rest_route=\/wp\/v2\/pages\/206\/revisions"}],"predecessor-version":[{"id":1722,"href":"https:\/\/raceevents.dk\/index.php?rest_route=\/wp\/v2\/pages\/206\/revisions\/1722"}],"up":[{"embeddable":true,"href":"https:\/\/raceevents.dk\/index.php?rest_route=\/wp\/v2\/pages\/77"}],"wp:attachment":[{"href":"https:\/\/raceevents.dk\/index.php?rest_route=%2Fwp%2Fv2%2Fmedia&parent=206"}],"curies":[{"name":"wp","href":"https:\/\/api.w.org\/{rel}","templated":true}]}}