{"id":94,"date":"2012-01-31T01:20:07","date_gmt":"2012-01-31T00:20:07","guid":{"rendered":"http:\/\/www.teambudgetracing.dk\/?page_id=94"},"modified":"2019-11-21T12:52:34","modified_gmt":"2019-11-21T11:52:34","slug":"bil-136","status":"publish","type":"page","link":"https:\/\/raceevents.dk\/?page_id=94","title":{"rendered":"Bil 133"},"content":{"rendered":"<p>Codename: SILVER<\/p>\n<div id=\"attachment_386\" style=\"width: 310px\" class=\"wp-caption alignright\"><a href=\"http:\/\/www.teambudgetracing.dk\/wp-content\/uploads\/2012\/01\/Silver.jpg\"><img aria-describedby=\"caption-attachment-386\" loading=\"lazy\" class=\"size-medium wp-image-386\" title=\"Silver\" src=\"http:\/\/www.teambudgetracing.dk\/wp-content\/uploads\/2012\/01\/Silver-300x199.jpg\" alt=\"Mirza sammen med &quot;Silver&quot;\" width=\"300\" height=\"199\" srcset=\"https:\/\/raceevents.dk\/wp-content\/uploads\/2012\/01\/Silver-300x199.jpg 300w, https:\/\/raceevents.dk\/wp-content\/uploads\/2012\/01\/Silver.jpg 1024w\" sizes=\"(max-width: 300px) 100vw, 300px\" \/><\/a><p id=\"caption-attachment-386\" class=\"wp-caption-text\">Mirza sammen med &#8220;Silver&#8221;<\/p><\/div>\n<p>S\u00f8lvPilen var en af de nyeste af bilerne da vi startede tilbage i 2012,\u00a0og deraf en af de mest opdaterede biler.<\/p>\n<p>Bilen blev bygget som ekstra bil, med planer om udlejning.<\/p>\n<p>Det gjore Mirza i starten, inden han valgte at k\u00f8be bilen. Mirza har efter flere s\u00e6soner i SevenRacing hopper over i LegendCup hvor han har f\u00e5et en f\u00f8rst en 3 plads i DM, og sidst en<br \/>\n2.plads i DM, i 2020 g\u00e5r han efter 1 pladsen.<\/p>\n<p>Bilen har han solgt viderer og vi h\u00e5ber at se den i 2020 til vores l\u00f8b<\/p>\n","protected":false},"excerpt":{"rendered":"<p>Codename: SILVER S\u00f8lvPilen var en af de nyeste af bilerne da vi startede tilbage i 2012,\u00a0og deraf en af de mest opdaterede biler. Bilen blev bygget som ekstra bil, med planer om udlejning. Det gjore Mirza i starten, inden han &hellip; <a href=\"https:\/\/raceevents.dk\/?page_id=94\">Continue reading <span class=\"meta-nav\">&rarr;<\/span><\/a><\/p>\n","protected":false},"author":3,"featured_media":0,"parent":39,"menu_order":0,"comment_status":"closed","ping_status":"closed","template":"","meta":[],"_links":{"self":[{"href":"https:\/\/raceevents.dk\/index.php?rest_route=\/wp\/v2\/pages\/94"}],"collection":[{"href":"https:\/\/raceevents.dk\/index.php?rest_route=\/wp\/v2\/pages"}],"about":[{"href":"https:\/\/raceevents.dk\/index.php?rest_route=\/wp\/v2\/types\/page"}],"author":[{"embeddable":true,"href":"https:\/\/raceevents.dk\/index.php?rest_route=\/wp\/v2\/users\/3"}],"replies":[{"embeddable":true,"href":"https:\/\/raceevents.dk\/index.php?rest_route=%2Fwp%2Fv2%2Fcomments&post=94"}],"version-history":[{"count":17,"href":"https:\/\/raceevents.dk\/index.php?rest_route=\/wp\/v2\/pages\/94\/revisions"}],"predecessor-version":[{"id":1708,"href":"https:\/\/raceevents.dk\/index.php?rest_route=\/wp\/v2\/pages\/94\/revisions\/1708"}],"up":[{"embeddable":true,"href":"https:\/\/raceevents.dk\/index.php?rest_route=\/wp\/v2\/pages\/39"}],"wp:attachment":[{"href":"https:\/\/raceevents.dk\/index.php?rest_route=%2Fwp%2Fv2%2Fmedia&parent=94"}],"curies":[{"name":"wp","href":"https:\/\/api.w.org\/{rel}","templated":true}]}}